 = 56*x + 28. What are the prime factors of j(4)?
2, 3, 7
Let k(z) = -3 + 2*z - 4 - 4*z + 5*z. What are the prime factors of k(8)?
17
Let g = 3 + -8. Suppose -3*p + 1 = 7. Let b = p - g. What are the prime factors of b?
3
What are the prime factors of (-3246)/(-30) - (-1)/(-5)?
2, 3
Let u be 861/14*(-4)/(-6). Suppose -u = h - 2*h. What are the prime factors of h?
41
Suppose -g = -4*f + 3*g - 28, 4 = 2*g. Let b = 16 + f. What are the prime factors of b?
11
List the prime factors of -1 - 1 - (2 - 15).
11
Suppose c - 10*f - 81 = -8*f, 218 = 3*c - f. What are the prime factors of c?
71
Let d(r) = 6*r**2 + r - 1. Let h be d(3). Let i(y) = -y + 5. Let f be i(4). Suppose -f = p + 2*m - 6, -4*m - h = -4*p. What are the prime factors of p?
11
Let f(v) = 2*v**2 - 4*v + 2. Let y be f(3). Suppose -3 - 21 = 4*a. Let u = y + a. List the prime factors of u.
2
Suppose c + 5*v = -3, 2*c - 2*v + 2 = -16. Let m = c + 8. Suppose 5*f = -b - 0 + 2, -5*b + f + 36 = m. What are the prime factors of b?
7
Let f be (-3)/(3/10*-1). Suppose 3*o - 4 = 2*o - 3*t, -2*o - 4*t = -f. List the prime factors of o.
7
List the prime factors of -2*(-424)/(-20)*(-5)/2.
2, 53
Let w be ((-6)/2)/(12/(-8)). Suppose -w + 54 = 2*x. What are the prime factors of x?
2, 13
Suppose 3*q + 10 + 8 = 0. List the prime factors of (q/4)/(4/(-64)).
2, 3
Let m = 217 - 129. List the prime factors of m.
2, 11
Suppose -5*c + 516 = -c. Suppose -2*o + c = -7. Suppose 4*d + 0 - o = 0. What are the prime factors of d?
17
Suppose q + 2 = -3. Let a be (q + 6)*(1 + 0). Suppose -9 = -2*y + a. What are the prime factors of y?
5
Suppose -t + 15 + 42 = 0. Let i = -25 + t. List the prime factors of i.
2
Let v(n) be the second derivative of -n**3/6 - n**2/2 - 2*n. Let t be v(3). List the prime factors of -2 + 1 - (-10 - t).
5
Suppose 5*w + 6*q = 2*q + 7, 5*q = -w + 14. List the prime factors of 4/(4/(-31))*w.
31
Suppose -17 = -3*n - 5*o + 10, 0 = -3*o. Suppose 8 = x - n. What are the prime factors of x?
17
List the prime factors of 40/3*6/5.
2
Let n(q) = q**2 + 3*q + 2. Let l be n(-3). What are the prime factors of -1 + l - -18*1?
19
Let p(s) = s**2 + 5*s + 1. Let l be p(-6). Suppose 9 = 4*g - l. List the prime factors of g.
2
Let g be (-6)/(-3) + -3 + 5. Suppose 0 = -g*m - 3*j + 136, m - 11 - 40 = -5*j. List the prime factors of m.
31
Let s(r) = 45*r**2 + 5*r + 9. What are the prime factors of s(-2)?
179
Let f(v) be the second derivative of v**4/6 + 5*v**3/6 + 2*v**2 - 2*v. What are the prime factors of f(-3)?
7
Let p(r) = -r**3 + 8*r**2 + r + 3. Let b be p(8). Suppose b + 14 = x. Suppose 5*i = 30 + x. What are the prime factors of i?
11
Suppose 3*x + 0 = 6. Suppose -x*k + 11 = 1. Let h = k - -2. What are the prime factors of h?
7
List the prime factors of 450/12 - 1/(-2).
2, 19
Let l = 228 + -90. List the prime factors of l.
2, 3, 23
Let x = -12 + 52. Let m = -24 + x. List the prime factors of m.
2
Suppose 15 = -o + 6*o. Let j be ((-3)/2)/(2/4). List the prime factors of 3/(o*(-1)/j).
3
Let r = 6 - 1. Suppose -3*v - 2*v + r = 0. What are the prime factors of 2 + (1 - v) - -2?
2
Let v(w) = -w**2 - w. Let b be v(-1). Suppose b = -n + 4. Suppose 0 = n*r - 44. What are the prime factors of r?
11
Let r(w) = 3*w**2 - 6*w. Let b be r(4). Let t = -16 + b. List the prime factors of t.
2
What are the prime factors of 2 - (2/(-4) + (-1101)/6)?
2, 3, 31
Let k be (5/2 + -2)*0. Let z be 3/(1/1 + k). Let t = 5 + z. What are the prime factors of t?
2
Suppose -v + 18 + 25 = 0. Suppose -4*r - 3*n + v = 0, -r + 32 = n + 4*n. List the prime factors of r.
7
Let n(b) = -b**2 - 14*b + 28. List the prime factors of n(-14).
2, 7
Let d(y) = y + 2. Let a be d(2). Let f(m) = 6*m - 14. Let g(z) = 2*z - 5. Let i(w) = 5*f(w) - 14*g(w). List the prime factors of i(a).
2
Let k(o) = -o + 2. Let r be k(-5). Suppose -r*t = -2*t - 295. What are the prime factors of t?
59
Let d = -10 + 13. Suppose 0*l - 84 = -d*l. List the prime factors of l.
2, 7
Let k(t) = -t**2 + t + 2. Let g be k(-2). Let x be g/10 + (-128)/(-20). Suppose -f = -4 - x. List the prime factors of f.
2, 5
Suppose -z + 1 + 0 = 0, 4*k + 5*z = 209. List the prime factors of k.
3, 17
List the prime factors of 240/3 + 9/(-3).
7, 11
What are the prime factors of (-14 - 0)*(-5)/2?
5, 7
Suppose -336 = -6*h - 2*h. What are the prime factors of h?
2, 3, 7
Let n = -13 - -21. Suppose n*z - 75 = 5*z. What are the prime factors of 2/(-8) - z/(-4)?
2, 3
Let n(g) = -g**3 - 14*g**2 - 13*g + 5. List the prime factors of n(-13).
5
Suppose -3*s - 5 = 1. Let x = s - -6. Suppose 0 = -x*h + 2*h + 16. What are the prime factors of h?
2
Let h = -79 - -140. What are the prime factors of h?
61
Let m be (-1 - 2)/((-18)/12). Suppose -2*t + f + 38 = m*f, -3*t = 4*f - 67. What are the prime factors of t?
17
Let s(b) = 3*b + 5. List the prime factors of s(3).
2, 7
Let q(n) = n**2 + n + 1. Let z be q(-2). Suppose 0 = 2*j + z*j - 25. Suppose 0 = 3*a - t - j, -6 = 3*a - 5*t + 5. List the prime factors of a.
3
Let y(d) = 5*d**2 - 2*d - 2. Suppose 2*m + 24 = -4*n, -4*m + 2*m + 4*n = -16. List the prime factors of y(m).
2, 11
Let i = -13 - -7. Let u be (2/3)/(3 + 16/(-6)). What are the prime factors of u*(-2 - 45/i)?
11
Let t(v) = v**2 + 5*v - 6. Let r be t(-7). Suppose -1 = -2*d + 3*d - 3*g, r = 2*d + 4*g. List the prime factors of 1/((2 + -1)/d).
2
Suppose 0 = -2*a + 12 - 0. Let t be a/18 + (-2)/6. Suppose t = -r + 3*r - 4. List the prime factors of r.
2
Let s(t) = -4*t**2 + 10 - 2 + 3*t**2 - 7*t. Suppose 2*q + 12 + 2 = 0. What are the prime factors of s(q)?
2
Suppose -22 = -p - d + 17, -4*p - 3*d + 154 = 0. What are the prime factors of p?
37
Let q(a) = -5*a**3 - 9*a**2 - 5*a - 9. List the prime factors of q(-4).
11, 17
What are the prime factors of 0*1/(-5) - -221?
13, 17
Let b be (12 + -4)*2/8. Suppose b*m + 25 = 3*m. List the prime factors of m.
5
Suppose -3*i + 32 = i. Let m = -5 + i. Suppose -m*z = -z - 46. List the prime factors of z.
23
Suppose -6*d = -2*d - 48. Let x = 22 - d. List the prime factors of x.
2, 5
Suppose 0*f + 10 = d - 2*f, -28 = -3*d + 5*f. List the prime factors of d.
2, 3
Let x = -56 + 170. What are the prime factors of x?
2, 3, 19
Suppose 0 = -4*f + 3*w - 3, 8 = -4*f + 3*w + w. Suppose -3*g + 6 = -93. Suppose -s + j + 14 = 0, -3*j = -s + f*s - g. What are the prime factors of s?
3, 5
Suppose 0 = n - 4 - 3. What are the prime factors of n?
7
Let l(v) = 2*v**2 - 1. Let s be l(2). Let k(o) = -o**2 - 3*o + 4. Let y be k(0). Suppose y - s = -q. What are the prime factors of q?
3
Let i = 19 - -7. Let a = i - 1. List the prime factors of a.
5
Suppose -3*b + 0*b = 5*w - 263, -5*b + w = -429. What are the prime factors of b?
2, 43
Let q = 20 + -9. Let x = 24 - q. List the prime factors of x.
13
Suppose 0 = -2*c + c + 6. Suppose -2*o - 12 = c. List the prime factors of -3 + 2 - (-2 + o).
2, 5
Let i(j) be the third derivative of j**6/120 - j**5/60 + 7*j**3/3 + 2*j**2. List the prime factors of i(0).
2, 7
Suppose 14 = 2*k + 4. Let y = 9 - k. What are the prime factors of y?
2
Suppose -3*x + 18 = -3*z, z - 4*x + 1 + 8 = 0. Let h(j) = -3*j - 6. Let y(m) = 2*m + 5. Let d(s) = 5*h(s) + 6*y(s). What are the prime factors of d(z)?
3, 5
Let d(m) = m**3 + 6*m**2 + m + 2. Let g be d(-4). Let b be (-7)/((-21)/g) - -1. Suppose 4*p = 21 + b. List the prime factors of p.
2
Let m be ((-10)/4)/(3/6). Let h(w) = -w**3 - w**2 + w + 1. Let g(j) = 6*j**3 + 8*j**2 - 2*j - 5. Let l(c) = m*h(c) - g(c). List the prime factors of l(-2).
2
Suppose 5*i + 19 + 1 = 0. Let c(b) = 3*b**2 - 3*b - 5. Let d be c(i). Suppose 5*y - 5*t = -0*y + d, 2*t = 3*y - 31. What are the prime factors of y?
3
Let f be 4/(-6) + (-68)/(-3). Let s(i) = -i**2 + 12*i - 2. Let c be s(7). Let v = c - f. List the prime factors of v.
11
Suppose 0*y + 265 = 5*y. What are the prime factors of y?
53
Let r(x) be the second derivative of x**4/12 + 2*x**3/3 + x**2 - 4*x. What are the prime factors of r(-4)?
2
Let u = 6 + -4. Suppose -z + 7 = u. Suppose -z*p - 7 = -17. What are the prime factors of p?
2
Suppose 2*g + 246 = 5*g. What are the prime factors of g?
2, 41
Suppose 11*j = -515 + 1593. List the prime factors of j.
2, 7
Let b(x) = 3*x**2 - 5. What are the prime factors of b(-5)?
2, 5, 7
Let u = 9 + 18. What are the prime factors of u?
3
Let f(j) = 11*j - 1